{"id":17,"date":"2025-08-28T19:10:41","date_gmt":"2025-08-28T19:10:41","guid":{"rendered":"https:\/\/cybergiochi.com\/?page_id=17"},"modified":"2025-08-29T00:22:25","modified_gmt":"2025-08-29T00:22:25","slug":"financial-service","status":"publish","type":"page","link":"https:\/\/cybergiochi.com\/?page_id=17","title":{"rendered":"Financial Service"},"content":{"rendered":"<p><!DOCTYPE html><br \/>\n<html lang=\"es\"><br \/>\n<head><br \/>\n  <meta charset=\"UTF-8\"><br \/>\n  <meta name=\"viewport\" content=\"width=device-width, initial-scale=1.0\"><br \/>\n  <title>Servicios Financieros | eGaming Services<\/title><\/p>\n<style>\n    body {\n      font-family: Arial, sans-serif;\n      margin: 0;\n      padding: 0;\n      line-height: 1.6;\n      color: #333;\n    }\n    header {\n      background: #0a0a0a;\n      color: #fff;\n      text-align: center;\n      padding: 60px 20px;\n    }\n    header h1 {\n      font-size: 2.5rem;\n      margin: 0;\n    }\n    header p {\n      font-size: 1.2rem;\n      margin-top: 10px;\n    }\n    .container {\n      width: 90%;\n      max-width: 1200px;\n      margin: 40px auto;\n    }\n    .services-grid {\n      display: grid;\n      grid-template-columns: repeat(auto-fit, minmax(250px, 1fr));\n      gap: 30px;\n      margin-top: 40px;\n    }\n    .service-card {\n      background: #f9f9f9;\n      padding: 30px;\n      border-radius: 10px;\n      box-shadow: 0 4px 8px rgba(0,0,0,0.05);\n      transition: transform 0.3s ease;\n      text-align: center;\n    }\n    .service-card:hover {\n      transform: translateY(-5px);\n    }\n    .service-card img {\n      max-width: 80px;\n      margin-bottom: 20px;\n    }\n    .service-card h3 {\n      margin-bottom: 15px;\n      font-size: 1.3rem;\n      color: #222;\n    }\n    .service-card p {\n      font-size: 1rem;\n      color: #555;\n    }\n    footer {\n      background: #111;\n      color: #fff;\n      text-align: center;\n      padding: 30px 20px;\n      margin-top: 60px;\n    }\n  <\/style>\n<p><\/head><br \/>\n<body><\/p>\n<header>\n<h1>Servicios Financieros<\/h1>\n<p>Soluciones integrales para la industria del juego en l\u00ednea<\/p>\n<\/header>\n<section class=\"container\">\n<div class=\"services-grid\">\n<p>      <!-- Payment Provider --><\/p>\n<div class=\"service-card\">\n        <img decoding=\"async\" src=\"https:\/\/cdn-icons-png.flaticon.com\/512\/2331\/2331949.png\" alt=\"Proveedor de Pagos\"><\/p>\n<h3>Proveedor de Pagos<\/h3>\n<p>Integramos m\u00faltiples m\u00e9todos de pago globales, garantizando transacciones seguras y r\u00e1pidas para tus clientes en todo el mundo.<\/p>\n<\/p><\/div>\n<p>      <!-- Business Opening --><\/p>\n<div class=\"service-card\">\n        <img decoding=\"async\" src=\"https:\/\/cdn-icons-png.flaticon.com\/512\/3135\/3135673.png\" alt=\"Apertura de Negocios\"><\/p>\n<h3>Apertura de Negocios<\/h3>\n<p>Asesor\u00eda completa para la creaci\u00f3n y registro de tu empresa, adaptada a las regulaciones internacionales del sector.<\/p>\n<\/p><\/div>\n<p>      <!-- Crypto Account --><\/p>\n<div class=\"service-card\">\n        <img decoding=\"async\" src=\"https:\/\/cdn-icons-png.flaticon.com\/512\/825\/825502.png\" alt=\"Cuenta Cripto\"><\/p>\n<h3>Cuenta Cripto<\/h3>\n<p>Acceso a cuentas cripto seguras que permiten operar con monedas digitales y expandir tu negocio al ecosistema blockchain.<\/p>\n<\/p><\/div>\n<p>      <!-- Banking Solution --><\/p>\n<div class=\"service-card\">\n        <img decoding=\"async\" src=\"https:\/\/cdn-icons-png.flaticon.com\/512\/3135\/3135706.png\" alt=\"Soluci\u00f3n Bancaria\"><\/p>\n<h3>Soluci\u00f3n Bancaria<\/h3>\n<p>Soluciones bancarias a medida con cuentas internacionales, optimizando la gesti\u00f3n financiera de tu operaci\u00f3n.<\/p>\n<\/p><\/div>\n<\/p><\/div>\n<\/section>\n<footer>\n<p>\u00a9 2025 eGaming Services &#8211; info@cybergiochi.com<\/p>\n<\/footer>\n<p><\/body><br \/>\n<\/html><\/p>\n","protected":false},"excerpt":{"rendered":"<p>Servicios Financieros | eGaming Services Servicios Financieros Soluciones integrales para la industria del juego en l\u00ednea Proveedor de Pagos Integramos m\u00faltiples m\u00e9todos de pago globales, garantizando transacciones seguras y r\u00e1pidas para tus clientes en todo el mundo. Apertura de Negocios Asesor\u00eda completa para la creaci\u00f3n y registro de tu empresa, adaptada a las regulaciones internacionales [&hellip;]<\/p>\n","protected":false},"author":1,"featured_media":0,"parent":0,"menu_order":0,"comment_status":"closed","ping_status":"closed","template":"","meta":{"footnotes":""},"class_list":["post-17","page","type-page","status-publish","hentry"],"_links":{"self":[{"href":"https:\/\/cybergiochi.com\/index.php?rest_route=\/wp\/v2\/pages\/17","targetHints":{"allow":["GET"]}}],"collection":[{"href":"https:\/\/cybergiochi.com\/index.php?rest_route=\/wp\/v2\/pages"}],"about":[{"href":"https:\/\/cybergiochi.com\/index.php?rest_route=\/wp\/v2\/types\/page"}],"author":[{"embeddable":true,"href":"https:\/\/cybergiochi.com\/index.php?rest_route=\/wp\/v2\/users\/1"}],"replies":[{"embeddable":true,"href":"https:\/\/cybergiochi.com\/index.php?rest_route=%2Fwp%2Fv2%2Fcomments&post=17"}],"version-history":[{"count":2,"href":"https:\/\/cybergiochi.com\/index.php?rest_route=\/wp\/v2\/pages\/17\/revisions"}],"predecessor-version":[{"id":73,"href":"https:\/\/cybergiochi.com\/index.php?rest_route=\/wp\/v2\/pages\/17\/revisions\/73"}],"wp:attachment":[{"href":"https:\/\/cybergiochi.com\/index.php?rest_route=%2Fwp%2Fv2%2Fmedia&parent=17"}],"curies":[{"name":"wp","href":"https:\/\/api.w.org\/{rel}","templated":true}]}}